he greatest common factor of u and b.
15
Let q(u) be the second derivative of -29*u**3/6 - 13*u**2/2 - 26*u. Let y be q(-2). What is the greatest common factor of 9 and y?
9
Let j = -5 - -13. Suppose -5*r + h + 365 = 0, -h - 40 = 3*r - 251. What is the highest common factor of j and r?
8
Let m = 584 + -564. What is the highest common factor of 24 and m?
4
Let f(i) = i**3 - 7*i**2 - 13*i + 8. Let t be f(9). Suppose 31 + t = 7*y. Suppose -28 + y = -x. What is the highest common divisor of x and 8?
8
Let j = -9 + 8. Let m(z) = -3*z**3 - z**2 - 2*z - 2. Let u be m(j). Suppose -14 - 6 = -u*x. Calculate the highest common divisor of 15 and x.
5
Suppose 4*p = -2*d + 338, -3*d = -5*p - 5*d + 423. Suppose -v = v + 8, 5*s + v - 21 = 0. What is the highest common factor of p and s?
5
Suppose -2*s + 22 = 4*h, -5*s + 2*h + 19 + 72 = 0. Let x = s - 15. Let n be (-13 - -3)/(x/(-11)). What is the highest common factor of 22 and n?
11
Let g(o) = -o**3 - 6*o**2 - o - 2. Suppose i - 2*i = 6. Let k be g(i). Suppose 3*z + 32 - k = 2*a, a + 2*z = 0. What is the highest common factor of 8 and a?
8
Let q = -14 + 56. Suppose -3*c + 2*h + q = 0, -5*h - 48 = -3*c - h. What is the greatest common divisor of 72 and c?
12
Suppose -10*q = -207 + 197. What is the greatest common divisor of 101 and q?
1
Let o = 8 + -18. Let l be (o/(-8))/((-1)/(-4)). Suppose -l*v - 9 - 207 = -3*n, n = v + 74. What is the highest common factor of n and 7?
7
Suppose 15 = -5*n, -i - 6 = 5*n - 60. Calculate the highest common divisor of i and 46.
23
Let p(k) = -k**3 - 3*k**2 + 7*k + 7. Suppose -12 = -2*j - 22. Let h be p(j). What is the highest common factor of h and 22?
22
Let b(r) = -3*r - 3*r + 32 + r**2 + 4*r. Suppose -5*f - 5 = i, 4*i + 28*f = 25*f - 3. Let m be b(i). What is the greatest common factor of 8 and m?
8
Suppose -2*h = -4*u - 24, -8 = -h + 4*u - 3*u. Suppose 2*s + 4*a = -2, -2*s + 6*s + a + h = 0. Let j = 0 - s. What is the highest common factor of j and 7?
1
Suppose -3*k + 15 = 0, 5*k + 0 = d + 1. Let f(z) = 11*z + 478. Let x be f(-38). Calculate the highest common factor of d and x.
12
Let q = -1315 + 1336. Calculate the highest common factor of 69 and q.
3
Suppose 4*w + 0 = 88. Let q be -17 + w - (0 - -1). Suppose 22 = 5*z - 8. Calculate the greatest common divisor of z and q.
2
Let d be (0 - 15/20)/((-2)/8). Suppose -5*u + 243 = 63. Suppose -4*o = -8*o + u. Calculate the highest common factor of o and d.
3
Let u = 258 + -180. Let h(l) = -l**2 - 48*l + 159. Let q be h(-51). Calculate the greatest common divisor of u and q.
6
Let g be -1*(0 + -4 + 4). Suppose 60 = 3*m + 2*v + v, m + 5*v - 16 = g. What is the greatest common factor of 7 and m?
7
Let z(h) = -5*h + 19. Let p be z(-4). Suppose -5*t + p + 86 = 0. Suppose -3*y + 5 = -0*y - 2*q, -q = -y. Calculate the highest common divisor of y and t.
5
Suppose 0 = b - 3*r - 16, 3*r - 2*r + 136 = 5*b. Let x = 66 + -63. Suppose m = -x*m + 28. What is the greatest common factor of m and b?
7
Let a be (-2093)/(-39) - (4/6 - 1). What is the highest common factor of 486 and a?
54
Let t(u) = -u**3 + 16*u**2 + 40*u - 55. Let y be t(18). Let l be -2 - -21 - (-8)/(-4). Calculate the highest common divisor of y and l.
17
Let f be (-8520)/56 - (-1)/7. Let m = 4 - f. Calculate the highest common factor of m and 52.
52
Suppose -2*f + 3*m + 38 = -m, -4*m = -3*f + 67. Calculate the highest common divisor of 29 and f.
29
Suppose 6*t - 4*c - 316 = 3*t, 0 = t + 4*c - 132. Calculate the greatest common factor of 7 and t.
7
Suppose 4641 = 20*d - 1339. Calculate the greatest common divisor of 23 and d.
23
Let d be (-210)/(-4)*(-714)/(-119). What is the greatest common divisor of d and 189?
63
Let q(b) = b**2 + 14*b + 17. Let i be q(-16). Suppose -29 + i = 5*n. Let t be (-6)/(n/(136/(-3))). Calculate the highest common divisor of 17 and t.
17
Suppose 0 = -4*w + 9*w - 15. Suppose w = -4*l + 11. Suppose 0 = l*g - 6*g - 3*t + 82, 0 = -5*t - 10. What is the greatest common divisor of g and 2?
2
Let f = 6 + 0. Let t = f + -3. Suppose -t*a + 123 = -g, 5*a = -g - 4 + 201. Calculate the highest common factor of a and 16.
8
Suppose 3*f + 3 - 30 = 0. Let r(c) = -c**3 + 40*c**2 - 108*c - 39. Let v be r(37). Calculate the highest common divisor of v and f.
9
Let c = -78 + 209. Let k(l) = 5 - c*l - 3 + 2 - 3. Let h be k(-1). Calculate the greatest common divisor of h and 12.
12
Let p be 21/(-18) - (-2)/12. Let v be (-59 - 0)/(p/3). Suppose 5*m - 90 = -b + 229, 3*m = 3*b + v. What is the greatest common divisor of m and 9?
9
Suppose -4*s + 7*b - 6*b + 2585 = 0, 4*s - 5*b = 2605. What is the highest common divisor of 86 and s?
43
Let t(c) = 3*c - 41. Suppose 2*x + 36 = 76. Let w be t(x). What is the greatest common factor of 19 and w?
19
Suppose 4*h = 11 + 9. Suppose -h*v + 0*v + 85 = 0. Let u be (1/((-2)/(-306)))/(-228 + 229). What is the highest common factor of u and v?
17
Let z be 1 + 1520/44 - 48/88. Calculate the greatest common divisor of 5 and z.
5
Suppose 0 = -0*w + 3*w - 12. Let b be (12/(-4) - 10)*w. Let k = b + 80. Calculate the highest common divisor of 28 and k.
28
Suppose 2*h - 14 - 42 = 0. Calculate the greatest common divisor of 112 and h.
28
Suppose -4*d + 2304 = 4*d. What is the greatest common divisor of d and 36?
36
Let k(v) = -v**3 - 16*v**2 - 30*v - 25. Let j be k(-14). Suppose -3*w = j*f - f - 19, w = f - 2. Calculate the greatest common divisor of 1 and w.
1
Let u be 84/10*(-10290)/(-2401). Let x(q) = -3*q + 8*q**2 - 4*q**3 - 4*q**2 + 5*q**3. Let r be x(-4). Calculate the greatest common divisor of r and u.
12
Let a be 2 - 4/(-4)*4. Calculate the highest common divisor of 33 and a.
3
Suppose 0 = 6*h - h + 3925. Let d = h + 1118. What is the greatest common factor of d and 37?
37
Suppose -3*o = 5*a - 374, -2*o + 0*o = -3*a + 232. What is the greatest common factor of a and 57?
19
Let b be 7 + (-4 + 2)*(-3)/(-2). Calculate the greatest common factor of 44 and b.
4
Let a be -1 + (-6)/((-3)/3). Suppose 5*h = -3*t + 21, -h - t + 2 = -3. Suppose h*n + 7 - 52 = 0. Calculate the highest common divisor of a and n.
5
Let a(l) = -12 - 2*l**2 + 9*l**2 + 5 + l**3 - l**2. Let t be a(-6). Let k be (15/(-3) + 3)*t. What is the highest common factor of 7 and k?
7
Suppose 540 = 56*v - 2*v. Calculate the highest common factor of 510 and v.
10
Let y be (3/4)/((-4)/(-96)). Let g = 4 - 1. Suppose 0*h = g*h - y. Calculate the greatest common divisor of h and 6.
6
Let m be (-14)/42 - (-172)/3. Let t = 33 + m. What is the highest common divisor of t and 60?
30
Suppose m - 4 = 5. Let i = 20 + m. Calculate the greatest common factor of i and 58.
29
Let n(s) = s**2 - 4*s + 8. Let g be n(6). What is the greatest common divisor of g and 16?
4
Let q(c) = 13*c - 2. Let x be q(1). Let h be (3 + x)*(5/(-7) - -1). What is the highest common factor of h and 44?
4
Let w be 2*(-49)/(-2) + 36/(-9). What is the highest common divisor of w and 27?
9
Let i be (1/(-1))/(8/(-136)). Let z(r) = 19*r + i + 4 - 14*r - 4*r. Let a be z(0). What is the greatest common divisor of 21 and a?
21
Suppose -1 = r + 4*j, -5*j = -2*r - 4*j - 2. Let s be ((-40)/2)/(-2)*(r + 17). What is the greatest common divisor of s and 40?
40
Suppose 0 = -11*z - z + 168. Let p = 60 - 39. Calculate the highest common divisor of p and z.
7
Suppose 9*z + 174 = 3*g + 6*z, -4*g + 3*z = -229. Calculate the greatest common divisor of g and 99.
11
Let z = -4 + 6. Suppose -24 + 30 = 2*k. Let v(r) = 2*r**3 - 2*r**2 - 7*r + 7. Let o be v(k). Calculate the highest common divisor of o and z.
2
Let o(m) = -10*m**2 - m + 4. Let v be o(-2). Let t be (-561)/v*(1 + 1). Calculate the greatest common divisor of 33 and t.
33
Let n be 78/(-1 - -3)*(-36)/(-54). What is the greatest common factor of n and 26?
26
Let z be 19 + -17 - (0 - 3). Let l = -40 - -40. Suppose -z*s + 270 - 20 = l. What is the greatest common divisor of 20 and s?
10
Let o = -4 + 6. Suppose -8 = -o*x - 2*j - 0*j, 0 = 3*x + 2*j - 17. Let d = 2 + x. Calculate the greatest common factor of d and 99.
11
Let x be 10/4*594/15. Let l = x + -75. What is the highest common divisor of l and 36?
12
Let c = 249 + -132. What is the highest common factor of 26 and c?
13
Let u(z) = -42*z**3 + 0*z**2 + 2 + 4*z + z**2 + 0*z - 2*z. Let y be u(-1). Calculate the highest common factor